he prime factors of 5640.
2, 3, 5, 47
List the prime factors of 52028.
2, 13007
List the prime factors of 43070.
2, 5, 59, 73
What are the prime factors of 631?
631
What are the prime factors of 2745?
3, 5, 61
What are the prime factors of 1365?
3, 5, 7, 13
List the prime factors of 4020.
2, 3, 5, 67
What are the prime factors of 39309?
3, 13103
What are the prime factors of 1139?
17, 67
What are the prime factors of 15930?
2, 3, 5, 59
List the prime factors of 3102.
2, 3, 11, 47
List the prime factors of 28104.
2, 3, 1171
What are the prime factors of 15828?
2, 3, 1319
List the prime factors of 424.
2, 53
What are the prime factors of 11871?
3, 1319
What are the prime factors of 4318?
2, 17, 127
What are the prime factors of 2887?
2887
List the prime factors of 14017.
107, 131
List the prime factors of 7116.
2, 3, 593
List the prime factors of 12781.
12781
What are the prime factors of 21666?
2, 3, 23, 157
What are the prime factors of 169509?
3, 56503
List the prime factors of 4306.
2, 2153
List the prime factors of 2486.
2, 11, 113
What are the prime factors of 29505?
3, 5, 7, 281
List the prime factors of 1060.
2, 5, 53
What are the prime factors of 3729?
3, 11, 113
List the prime factors of 3276.
2, 3, 7, 13
List the prime factors of 1635.
3, 5, 109
What are the prime factors of 159?
3, 53
What are the prime factors of 12506?
2, 13, 37
What are the prime factors of 1134?
2, 3, 7
List the prime factors of 696.
2, 3, 29
What are the prime factors of 7136?
2, 223
List the prime factors of 19129.
11, 37, 47
What are the prime factors of 9498?
2, 3, 1583
What are the prime factors of 25998?
2, 3, 7, 619
List the prime factors of 4602.
2, 3, 13, 59
What are the prime factors of 151673?
151673
What are the prime factors of 650?
2, 5, 13
What are the prime factors of 49968?
2, 3, 347
List the prime factors of 10783.
41, 263
What are the prime factors of 2077?
31, 67
List the prime factors of 14329.
7, 23, 89
What are the prime factors of 1465?
5, 293
What are the prime factors of 75156?
2, 3, 6263
What are the prime factors of 906?
2, 3, 151
What are the prime factors of 5129?
23, 223
What are the prime factors of 25830?
2, 3, 5, 7, 41
List the prime factors of 3669.
3, 1223
What are the prime factors of 15949?
41, 389
What are the prime factors of 3035?
5, 607
List the prime factors of 67061.
67061
What are the prime factors of 13281?
3, 19, 233
List the prime factors of 38.
2, 19
List the prime factors of 6224.
2, 389
List the prime factors of 1131.
3, 13, 29
What are the prime factors of 851?
23, 37
What are the prime factors of 9750?
2, 3, 5, 13
What are the prime factors of 7635?
3, 5, 509
List the prime factors of 8094.
2, 3, 19, 71
List the prime factors of 1737.
3, 193
What are the prime factors of 1412?
2, 353
What are the prime factors of 1637?
1637
List the prime factors of 10225.
5, 409
List the prime factors of 8879.
13, 683
List the prime factors of 521.
521
What are the prime factors of 185?
5, 37
What are the prime factors of 3300?
2, 3, 5, 11
List the prime factors of 4068.
2, 3, 113
List the prime factors of 15065.
5, 23, 131
What are the prime factors of 70501?
70501
List the prime factors of 3029.
13, 233
What are the prime factors of 2028?
2, 3, 13
What are the prime factors of 1385?
5, 277
What are the prime factors of 2429?
7, 347
What are the prime factors of 3090?
2, 3, 5, 103
What are the prime factors of 3337?
47, 71
What are the prime factors of 4906?
2, 11, 223
What are the prime factors of 1051?
1051
List the prime factors of 724.
2, 181
What are the prime factors of 2482?
2, 17, 73
List the prime factors of 7600.
2, 5, 19
What are the prime factors of 19537?
7, 2791
What are the prime factors of 2887?
2887
What are the prime factors of 2619?
3, 97
List the prime factors of 1113.
3, 7, 53
List the prime factors of 97006.
2, 7, 13, 41
What are the prime factors of 190819?
173, 1103
List the prime factors of 33510.
2, 3, 5, 1117
List the prime factors of 764.
2, 191
List the prime factors of 3622.
2, 1811
What are the prime factors of 45155?
5, 11, 821
What are the prime factors of 374?
2, 11, 17
List the prime factors of 857.
857
List the prime factors of 33712.
2, 7, 43
List the prime factors of 36510.
2, 3, 5, 1217
List the prime factors of 2637.
3, 293
List the prime factors of 88181.
109, 809
List the prime factors of 275.
5, 11
List the prime factors of 6897.
3, 11, 19
List the prime factors of 2032.
2, 127
What are the prime factors of 44657?
44657
List the prime factors of 65340.
2, 3, 5, 11
List the prime factors of 57893.
11, 19, 277
What are the prime factors of 55744?
2, 13, 67
List the prime factors of 5556.
2, 3, 463
What are the prime factors of 300?
2, 3, 5
List the prime factors of 938.
2, 7, 67
List the prime factors of 80889.
3, 59, 457
List the prime factors of 598.
2, 13, 23
List the prime factors of 3866.
2, 1933
What are the prime factors of 27945?
3, 5, 23
List the prime factors of 579.
3, 193
List the prime factors of 5660.
2, 5, 283
What are the prime factors of 908?
2, 227
List the prime factors of 31097.
11, 257
What are the prime factors of 6707?
19, 353
List the prime factors of 105896.
2, 7, 31, 61
What are the prime factors of 27658?
2, 13829
What are the prime factors of 636?
2, 3, 53
What are the prime factors of 15880?
2, 5, 397
List the prime factors of 7235.
5, 1447
List the prime factors of 58483.
233, 251
List the prime factors of 1356.
2, 3, 113
What are the prime factors of 981?
3, 109
List the prime factors of 653.
653
What are the prime factors of 3301?
3301
List the prime factors of 1519.
7, 31
List the prime factors of 1535.
5, 307
What are the prime factors of 2353?
13, 181
List the prime factors of 1806.
2, 3, 7, 43
List the prime factors of 82590.
2, 3, 5, 2753
What are the prime factors of 2696?
2, 337
What are the prime factors of 855?
3, 5, 19
What are the prime factors of 5482?
2, 2741
List the prime factors of 178.
2, 89
List the prime factors of 493.
17, 29
What are the prime factors of 1349?
19, 71
List the prime factors of 102103.
102103
What are the prime factors of 49089?
3, 16363
List the prime factors of 1024.
2
What are the prime factors of 81?
3
What are the prime factors of 1614?
2, 3, 269
What are the prime factors of 663?
3, 13, 17
List the prime factors of 3863.
3863
What are the prime factors of 1249?
1249
List the prime factors of 7874.
2, 31, 127
List the prime factors of 288.
2, 3
What are the prime factors of 12596?
2, 47, 67
What are the prime factors of 1256?
2, 157
What are the prime factors of 50860?
2, 5, 2543
List the prime factors of 76894.
2, 38447
What are the prime factors of 82?
2, 41
List the prime factors of 1115.
5, 223
List the prime factors of 3482.
2, 1741
List the prime factors of 27917.
27917
What are the prime factors of 2353?
13, 181
List the prime factors of 390.
2, 3, 5, 13
What are the prime factors of 39725?
5, 7, 227
List the prime factors of 3643.
3643
List the prime factors of 10233.
3, 379
List the prime factors of 2127.
3, 709
List the prime factors of 107890.
2, 5, 10789
What are the prime factors of 12983?
12983
List the prime factors of 4513.
4513
What are the prime factors of 199740?
2, 3, 5, 3329
What are the prime factors of 2839?
17, 167
What are the prime factors of 11609?
13, 19, 47
What are the prime factors of 146259?
3, 5417
What are the prime factors of 193491?
3, 21499
What are the prime factors of 11681?
11681
What are the prime factors of 4461?
3, 1487
What are the prime factors of 2265?
3, 5, 151
List the prime factors of 1483.
1483
List the prime factors of 4199.
13, 17, 19
List the prime factors of 29369.
43, 683
List the prime factors of 31174.
2, 11, 13, 109
List the prime factors of 17156.
2, 4289
List the prime factors of 29209.
29209
List the prime factors of 41183.
41183
What are the prime factors of 16791?
3, 29, 193
List the prime factors of 121669.
17, 421
What are the prime factors of 21072?
2, 3, 439
List the prime factors of 18189.
3, 43, 47
What are the prime factors of 1539?
3, 19
What are the prime factors of 4217?
4217
What are the prime factors of 83019?
3, 27673
List the prime factors of 4123.
7, 19, 31
List the prime factors of 131.
131
List the prime factors of 4501.
7, 643
Wh